{"id":101,"date":"2013-01-26T22:13:23","date_gmt":"2013-01-26T21:13:23","guid":{"rendered":"http:\/\/tic.cegepat.qc.ca\/mireille\/?page_id=101"},"modified":"2016-10-25T16:28:40","modified_gmt":"2016-10-25T15:28:40","slug":"outils-de-recherche-documentaire","status":"publish","type":"page","link":"https:\/\/tic.cegepat.qc.ca\/mireilletts\/la-boite-a-outils\/outils-de-recherche-documentaire\/","title":{"rendered":"Outils de recherche documentaire"},"content":{"rendered":"<h4 align=\"justify\"><strong><span style=\"font-family: Comic Sans MS;font-size: small\"><span style=\"font-family: Comic Sans MS\"><a href=\"https:\/\/tic.cegepat.qc.ca\/mireilletts\/files\/2013\/01\/punaiserouge.jpeg\"><img loading=\"lazy\" decoding=\"async\" class=\"alignnone wp-image-797\" src=\"https:\/\/tic.cegepat.qc.ca\/mireilletts\/files\/2013\/01\/punaiserouge.jpeg\" alt=\"punaiserouge\" width=\"23\" height=\"23\" \/><\/a><\/span><\/span><\/strong><strong style=\"font-size: 1.2em\">Avant tout, la <\/strong><a style=\"font-size: 1.2em\" href=\"https:\/\/tic.cegepat.qc.ca\/mireilletts\/files\/2013\/01\/Formulation-question_v3.pdf\">Formulation d&rsquo;une question d&rsquo;\u00e9tude<\/a> <span style=\"color: #ff0000\">r\u00e9vision sept. 2013 (pdf)<\/span><\/h4>\n<h4 style=\"padding-left: 30px\">La question d&rsquo;\u00e9tude\u00a0 \u00e9tant souvent \u00e0 la base d&rsquo;une recherche documentaire, voici un guide aidant la formulation d&rsquo;un tel type de question.<\/h4>\n<h4 align=\"justify\"><strong><span style=\"font-family: Comic Sans MS;font-size: small\"><span style=\"font-family: Comic Sans MS\"><a href=\"https:\/\/tic.cegepat.qc.ca\/mireilletts\/files\/2013\/01\/punaiserouge.jpeg\"><img loading=\"lazy\" decoding=\"async\" class=\"alignnone wp-image-797\" src=\"https:\/\/tic.cegepat.qc.ca\/mireilletts\/files\/2013\/01\/punaiserouge.jpeg\" alt=\"punaiserouge\" width=\"23\" height=\"23\" \/><\/a> <\/span><\/span><a href=\"https:\/\/tic.cegepat.qc.ca\/mireilletts\/files\/2013\/01\/Strate\u0301gie-recherche-biblio.pdf\" target=\"_blank\">Strate\u0301gie de\u00a0 recherche documentaire<\/a><\/strong> <span style=\"font-family: Comic Sans MS\"><span style=\"color: #ff0000;font-family: SF Espionage Heavy,Cochin,Comic Sans MS\">r\u00e9vision sept. 2013 (pdf) <span style=\"color: #000000\">et un <a href=\"https:\/\/tic.cegepat.qc.ca\/mireilletts\/files\/2013\/01\/Strate\u0301gie-recherche-biblio-mode\u0300le.pdf\" target=\"_blank\">exemple<\/a> sur la fa\u00e7on de le\u00a0 compl\u00e9ter<\/span> (pdf)<\/span><\/span><\/h4>\n<h4 style=\"padding-left: 30px\" align=\"justify\"><span style=\"color: #009999;font-family: Comic Sans MS\">Comprend deux feuillets: le premier montrant un exemple d&rsquo;une strat\u00e9gie de recherche de documents (biblioth\u00e8que, web, Rep\u00e8res et m\u00eame Eur\u00e9ka); le deuxi\u00e8me pouvant \u00eatre utilis\u00e9 pour planifier votre propre d\u00e9marche.<\/span><\/h4>\n<h4><\/h4>\n<h4 align=\"justify\"><strong><span style=\"font-family: Comic Sans MS;font-size: small\"><span style=\"font-family: Comic Sans MS\"><a href=\"https:\/\/tic.cegepat.qc.ca\/mireilletts\/files\/2013\/01\/punaiserouge.jpeg\"><img loading=\"lazy\" decoding=\"async\" class=\"alignnone wp-image-797\" src=\"https:\/\/tic.cegepat.qc.ca\/mireilletts\/files\/2013\/01\/punaiserouge.jpeg\" alt=\"punaiserouge\" width=\"23\" height=\"23\" \/><\/a><a href=\"https:\/\/tic.cegepat.qc.ca\/mireilletts\/files\/2013\/01\/Formation-Rech.-documentaire_2016.ppt\">Formation-Rech.-documentaire_2016<\/a><\/span><\/span><\/strong><strong style=\"font-size: 1.2em\"><span style=\"font-family: Comic Sans MS\">, Pr\u00e9par\u00e9 par David Fournier-Viger biblioth\u00e9caire au C\u00e9gep AT<\/span><\/strong><span style=\"font-family: Comic Sans MS\"><span style=\"color: #ff0000;font-family: SF Espionage Heavy,Cochin,Comic Sans MS\">(ppt)<\/span><\/span><\/h4>\n<h4 style=\"padding-left: 30px\"><span style=\"color: #009999;font-family: Comic Sans MS\">Donne un aper\u00e7u des outils de recherche documentaire , avec tout plein d&rsquo;astuces. Des liens sont \u00e0 m\u00eame le document pour facilit\u00e9 la recherche et l&rsquo;utilisation des outils propos\u00e9s <\/span><\/h4>\n<h4 align=\"justify\"><strong><span style=\"font-family: Comic Sans MS;font-size: small\"><span style=\"font-family: Comic Sans MS\"><a href=\"https:\/\/tic.cegepat.qc.ca\/mireilletts\/files\/2013\/01\/punaiserouge.jpeg\"><img loading=\"lazy\" decoding=\"async\" class=\"alignnone wp-image-797\" src=\"https:\/\/tic.cegepat.qc.ca\/mireilletts\/files\/2013\/01\/punaiserouge.jpeg\" alt=\"punaiserouge\" width=\"23\" height=\"23\" \/><\/a><\/span><\/span><\/strong><strong><span style=\"font-family: Comic Sans MS\"><a href=\"http:\/\/cegepat.qc.ca\/mireilletts\/Le_CarnetAdresses.htm\" target=\"_blank\">Le carnet d&rsquo;adresses de ce site<\/a><\/span><\/strong><\/h4>\n<h4 style=\"padding-left: 30px\"><span style=\"color: #009999;font-family: Comic Sans MS\">Offre des liens vari\u00e9s et nombreux facilitant la recherche documentaire. Diff\u00e9rentes cat\u00e9gories permettent de chercher plus rapidement. <\/span><\/h4>\n<h4><\/h4>\n<h4 align=\"justify\"><strong><span style=\"font-family: Comic Sans MS;font-size: small\"><span style=\"font-family: Comic Sans MS\"><a href=\"https:\/\/tic.cegepat.qc.ca\/mireilletts\/files\/2013\/01\/punaiserouge.jpeg\"><img loading=\"lazy\" decoding=\"async\" class=\"alignnone wp-image-797\" src=\"https:\/\/tic.cegepat.qc.ca\/mireilletts\/files\/2013\/01\/punaiserouge.jpeg\" alt=\"punaiserouge\" width=\"23\" height=\"23\" \/><\/a><\/span><\/span><\/strong><strong><span style=\"font-family: Comic Sans MS\">Laboratoire de recherche de donn\u00e9es r\u00e9gionales<\/span><\/strong> (de retour en session d&rsquo;hiver)<\/h4>\n<h4 style=\"padding-left: 30px\"><span style=\"color: #009999;font-family: Comic Sans MS\">Permet l&rsquo;acc\u00e8s \u00e0 des sources web de donn\u00e9es r\u00e9gionales sur le plan d\u00e9mographiques, socio-\u00e9conomiques et sur les probl\u00e8mes sociaux et les ressources disponibles sur le territoire de l&rsquo;Abitibi-T\u00e9miscamingue. \u00c0 noter que cette page <strong>n&rsquo;est disponible qu&rsquo;\u00e0 la session hiver<\/strong> (en mars plus pr\u00e9cis\u00e9ment et ce, jusqu&rsquo;en mai (fin de la session).<\/span><\/h4>\n<h4 style=\"text-align: right\"><a href=\"https:\/\/tic.cegepat.qc.ca\/mireilletts\/files\/2013\/01\/Le_coin_petit.gif\"><img loading=\"lazy\" decoding=\"async\" class=\"alignnone size-full wp-image-62\" src=\"https:\/\/tic.cegepat.qc.ca\/mireilletts\/files\/2013\/01\/Le_coin_petit.gif\" alt=\"Le_coin_petit\" width=\"158\" height=\"39\" \/><\/a><\/h4>\n","protected":false},"excerpt":{"rendered":"<p>Avant tout, la Formulation d&rsquo;une question d&rsquo;\u00e9tude r\u00e9vision sept. 2013 (pdf)<br \/>\nLa question d&rsquo;\u00e9tude\u00a0 \u00e9tant souvent \u00e0 la base d&rsquo;une recherche documentaire, voici un guide aidant la formulation d&rsquo;un tel type de question.<br \/>\n Strate\u0301gie de\u00a0 recherche documentaire r\u00e9vision sept. 2013 (pdf) &hellip; <a href=\"https:\/\/tic.cegepat.qc.ca\/mireilletts\/la-boite-a-outils\/outils-de-recherche-documentaire\/\">Continuer la lecture <span class=\"meta-nav\">&rarr;<\/span><\/a><\/p>\n","protected":false},"author":9,"featured_media":0,"parent":74,"menu_order":6,"comment_status":"closed","ping_status":"closed","template":"","meta":{"footnotes":""},"class_list":["post-101","page","type-page","status-publish","hentry"],"_links":{"self":[{"href":"https:\/\/tic.cegepat.qc.ca\/mireilletts\/wp-json\/wp\/v2\/pages\/101","targetHints":{"allow":["GET"]}}],"collection":[{"href":"https:\/\/tic.cegepat.qc.ca\/mireilletts\/wp-json\/wp\/v2\/pages"}],"about":[{"href":"https:\/\/tic.cegepat.qc.ca\/mireilletts\/wp-json\/wp\/v2\/types\/page"}],"author":[{"embeddable":true,"href":"https:\/\/tic.cegepat.qc.ca\/mireilletts\/wp-json\/wp\/v2\/users\/9"}],"replies":[{"embeddable":true,"href":"https:\/\/tic.cegepat.qc.ca\/mireilletts\/wp-json\/wp\/v2\/comments?post=101"}],"version-history":[{"count":25,"href":"https:\/\/tic.cegepat.qc.ca\/mireilletts\/wp-json\/wp\/v2\/pages\/101\/revisions"}],"predecessor-version":[{"id":854,"href":"https:\/\/tic.cegepat.qc.ca\/mireilletts\/wp-json\/wp\/v2\/pages\/101\/revisions\/854"}],"up":[{"embeddable":true,"href":"https:\/\/tic.cegepat.qc.ca\/mireilletts\/wp-json\/wp\/v2\/pages\/74"}],"wp:attachment":[{"href":"https:\/\/tic.cegepat.qc.ca\/mireilletts\/wp-json\/wp\/v2\/media?parent=101"}],"curies":[{"name":"wp","href":"https:\/\/api.w.org\/{rel}","templated":true}]}}