{"id":11,"date":"2013-01-24T19:51:21","date_gmt":"2013-01-24T18:51:21","guid":{"rendered":"http:\/\/tic.cegepat.qc.ca\/mireille\/?page_id=11"},"modified":"2024-04-26T15:16:08","modified_gmt":"2024-04-26T14:16:08","slug":"a-propos","status":"publish","type":"page","link":"https:\/\/tic.cegepat.qc.ca\/mireilletts\/a-propos\/","title":{"rendered":"\u00c0 propos"},"content":{"rendered":"<p><a href=\"https:\/\/tic.cegepat.qc.ca\/mireilletts\/files\/2024\/04\/Photo-le-2021-04-08-a-11.00-2.jpg\"><img loading=\"lazy\" decoding=\"async\" class=\"wp-image-887 alignright\" src=\"https:\/\/tic.cegepat.qc.ca\/mireilletts\/files\/2024\/04\/Photo-le-2021-04-08-a-11.00-2-242x300.jpg\" alt=\"\" width=\"78\" height=\"97\" srcset=\"https:\/\/tic.cegepat.qc.ca\/mireilletts\/files\/2024\/04\/Photo-le-2021-04-08-a-11.00-2-242x300.jpg 242w, https:\/\/tic.cegepat.qc.ca\/mireilletts\/files\/2024\/04\/Photo-le-2021-04-08-a-11.00-2.jpg 423w\" sizes=\"auto, (max-width: 78px) 100vw, 78px\" \/><\/a><\/p>\n<h1 class=\"entry-title\"><b><span style=\"color: #006666;font-family: SF Espionage Heavy,Cochin,Comic Sans MS;font-size: x-large\"><span style=\"color: #993300;font-size: 300%\">d<\/span><span style=\"color: #cc00cc\">e<\/span> <span style=\"color: #cccc66\">c<\/span><span style=\"color: #ff33ff;font-size: xx-large\">e<\/span><span style=\"color: #99cc99;font-size: 300%\"> s<\/span><span style=\"color: #ff9999;font-size: xx-large\">i<\/span><span style=\"color: #ff0000;font-size: xx-large\">t<\/span><\/span><span style=\"color: #006666;font-family: SF Espionage Heavy,Cochin,Comic Sans MS\"><span style=\"color: #336699\">e<\/span><\/span><\/b><\/h1>\n<p align=\"justify\"><span style=\"font-family: Comic Sans MS;font-size: small\">Mon nom est <a href=\"mailto:mireille.hub@gmail.com\">Mireille Hubert<\/a> et je travaille, depuis janvier 2024, comme conseill\u00e8re clinique en relations de soins au GMFU de Rouyn-Noranda.<\/span><\/p>\n<p align=\"justify\"><span style=\"font-family: Comic Sans MS;font-size: small\">Ce site contient des infos et documents sur des sujets li\u00e9s au travail social et des outils de toutes sortes. Il s&rsquo;adresse \u00e0 celles et ceux qui s&rsquo;int\u00e9ressent \u00e0 ce domaine d&rsquo;intervention et aussi, \u00e0 la relation de soins (mon champ d&rsquo;int\u00e9r\u00eats actuel).<\/span><\/p>\n<p align=\"justify\"><span style=\"font-family: Comic Sans MS;font-size: small\">Tant mieux si son contenu vous est utile<\/span><strong><span style=\"font-family: Comic Sans MS\">!<\/span><\/strong><\/p>\n<p align=\"justify\"><span style=\"font-family: Comic Sans MS;font-size: small\">Vos\u00a0 <a href=\"mailto:mireille.hubert@cegepat.qc.ca\"><strong>commentaires<\/strong><\/a> sont aussi appr\u00e9ci\u00e9s, n&rsquo;h\u00e9sitez pas !&#8230;.<\/span><\/p>\n<p align=\"center\"><span style=\"color: #9933cc;font-family: Comic Sans MS;font-size: small\"><strong><span style=\"vertical-align: inherit\"><span style=\"vertical-align: inherit\">Bon <\/span><\/span><\/strong><\/span><strong><span style=\"color: #3366cc;font-family: Comic Sans MS;font-size: medium\"><span style=\"vertical-align: inherit\"><span style=\"vertical-align: inherit\">furetage <\/span><\/span><\/span><span style=\"color: #00cc00;font-family: Comic Sans MS;font-size: large\"><span style=\"vertical-align: inherit\"><span style=\"vertical-align: inherit\">!<\/span><\/span><\/span><span style=\"vertical-align: inherit\"><span style=\"font-family: Comic Sans MS;font-size: small\"><span style=\"color: #ff66cc\"><span style=\"vertical-align: inherit\">\u200b<\/span><\/span><\/span><span style=\"font-family: Comic Sans MS;font-size: small\"><span style=\"color: #3399ff;font-size: x-large\"><span style=\"vertical-align: inherit\">\u200b<\/span><\/span><\/span><span style=\"font-family: Comic Sans MS;font-size: small\"><span style=\"color: #ffcc00;font-size: medium\"><span style=\"vertical-align: inherit\">\u200b<\/span><\/span><\/span><span style=\"font-family: Comic Sans MS;font-size: small\"><span style=\"color: #cccc99;font-size: large\"><span style=\"vertical-align: inherit\">\u200b<\/span><\/span><\/span><span style=\"font-family: Comic Sans MS;font-size: small\"><span style=\"color: #336666;font-size: large\"><span style=\"vertical-align: inherit\">\u200b<\/span><\/span><\/span><span style=\"font-family: Comic Sans MS;font-size: small\"><span style=\"color: #33ffff;font-size: medium\"><span style=\"vertical-align: inherit\">\u200b<\/span><\/span><\/span><span style=\"font-family: Comic Sans MS;font-size: small\"><span style=\"color: #990066\"><span style=\"vertical-align: inherit\">\u200b<\/span><\/span><\/span><span style=\"font-family: Comic Sans MS;font-size: small\"><span style=\"color: #0000cc;font-size: large\"><span style=\"vertical-align: inherit\">\u200b<\/span><\/span><\/span><span style=\"font-family: Comic Sans MS;font-size: small\"><span style=\"color: #ff0000;font-size: x-large\"><span style=\"vertical-align: inherit\">\u200b<\/span><\/span><\/span><\/span> <\/strong><\/p>\n<p align=\"justify\">Avertissement: Certains documents font l&rsquo;objet de r\u00e9vision et peuvent se voir modifier.<\/p>\n<hr \/>\n<h4>Renseignements professionnels<\/h4>\n<div align=\"justify\"><span style=\"color: #000000;font-family: Comic Sans MS\">L&rsquo;auteure de ce site est titulaire d&rsquo;un DEC en Techniques d&rsquo;assistance sociale (TAS) du C\u00e9gep de l&rsquo;Abitibi-T\u00e9miscamingue, d&rsquo;un bac en travail social de l&rsquo;Universit\u00e9 du Qu\u00e9bec en Abitibi-T\u00e9miscamingue et d&rsquo;une ma\u00eetrise en service social (dipl\u00f4me de 2e cycle) de l&rsquo;Universit\u00e9 Laval \u00e0 Qu\u00e9bec. Elle a aussi poursuivi sa formation p\u00e9dagogique dans le cadre de la formation continue des enseignantes et des enseignants du C\u00e9gep AT, le programme PERFORMA de l&rsquo;Universit\u00e9 de Sherbrooke. Elle a enseign\u00e9 pendant plus de 30 ans au d\u00e9partement de TTS du C\u00e9gep A-T, particuli\u00e8rement pour les cours concernant les probl\u00e8mes sociaux, les politiques sociales et l&rsquo;intervention de crise suicidaire. Elle a \u00e9t\u00e9 charg\u00e9e de cours \u00e0 plusieurs reprises \u00e0 l&rsquo;UQAT pour les cours Introduction au travail social et Intervention en situation de crise et \u00e9valuation du risque suicidaire.\u00a0 Chevauchant travail et retraite, elle a \u00e9t\u00e9 intervenante de crise terrain, dans le cadre des services offerts pour InfoSocial, toujours sur le territoire de Rouyn-Noranda.<\/span><\/div>\n<div align=\"justify\"><\/div>\n<div align=\"justify\"><span style=\"color: #000000;font-family: Comic Sans MS\">\u00c0 la retraite de l&rsquo;enseignement depuis 2018, elle a \u00e9t\u00e9, pendant 4 ann\u00e9es, conseill\u00e8re p\u00e9dagogique au C\u00e9gep de l&rsquo;Abitibi-T\u00e9miscamingue. Elle est conseill\u00e8re clinique au GMF-U de Rouyn-Noranda depuis janvier 2024.<\/span><\/div>\n<div align=\"justify\"><\/div>\n<div align=\"justify\"><\/div>\n<div style=\"text-align: right\" align=\"justify\"><a href=\"https:\/\/tic.cegepat.qc.ca\/mireilletts\/files\/2013\/01\/Le_coin_petit.gif\"><img loading=\"lazy\" decoding=\"async\" class=\"alignnone size-full wp-image-62\" src=\"https:\/\/tic.cegepat.qc.ca\/mireilletts\/files\/2013\/01\/Le_coin_petit.gif\" alt=\"Le_coin_petit\" width=\"158\" height=\"39\" \/><\/a><\/div>\n","protected":false},"excerpt":{"rendered":"<p>de ce site<br \/>\nMon nom est Mireille Hubert et je travaille, depuis janvier 2024, comme conseill\u00e8re clinique en relations de soins au GMFU de Rouyn-Noranda.<br \/>\nCe site contient des infos et documents sur des sujets li\u00e9s au travail social et des outils &hellip; <a href=\"https:\/\/tic.cegepat.qc.ca\/mireilletts\/a-propos\/\">Continuer la lecture <span class=\"meta-nav\">&rarr;<\/span><\/a><\/p>\n","protected":false},"author":9,"featured_media":0,"parent":0,"menu_order":2,"comment_status":"closed","ping_status":"closed","template":"","meta":{"footnotes":""},"class_list":["post-11","page","type-page","status-publish","hentry"],"_links":{"self":[{"href":"https:\/\/tic.cegepat.qc.ca\/mireilletts\/wp-json\/wp\/v2\/pages\/11","targetHints":{"allow":["GET"]}}],"collection":[{"href":"https:\/\/tic.cegepat.qc.ca\/mireilletts\/wp-json\/wp\/v2\/pages"}],"about":[{"href":"https:\/\/tic.cegepat.qc.ca\/mireilletts\/wp-json\/wp\/v2\/types\/page"}],"author":[{"embeddable":true,"href":"https:\/\/tic.cegepat.qc.ca\/mireilletts\/wp-json\/wp\/v2\/users\/9"}],"replies":[{"embeddable":true,"href":"https:\/\/tic.cegepat.qc.ca\/mireilletts\/wp-json\/wp\/v2\/comments?post=11"}],"version-history":[{"count":18,"href":"https:\/\/tic.cegepat.qc.ca\/mireilletts\/wp-json\/wp\/v2\/pages\/11\/revisions"}],"predecessor-version":[{"id":904,"href":"https:\/\/tic.cegepat.qc.ca\/mireilletts\/wp-json\/wp\/v2\/pages\/11\/revisions\/904"}],"wp:attachment":[{"href":"https:\/\/tic.cegepat.qc.ca\/mireilletts\/wp-json\/wp\/v2\/media?parent=11"}],"curies":[{"name":"wp","href":"https:\/\/api.w.org\/{rel}","templated":true}]}}

À propos

<p><a href="https://tic.cegepat.qc.ca/mireilletts/files/2024/04/Photo-le-2021-04-08-a-11.00-2.jpg"><img loading="lazy" decoding="async" class="wp-image-887 alignright" src="https://tic.cegepat.qc.ca/mireilletts/files/2024/04/Photo-le-2021-04-08-a-11.00-2-242x300.jpg" alt="" width="78" height="97" srcset="https://tic.cegepat.qc.ca/mireilletts/files/2024/04/Photo-le-2021-04-08-a-11.00-2-242x300.jpg 242w, https://tic.cegepat.qc.ca/mireilletts/files/2024/04/Photo-le-2021-04-08-a-11.00-2.jpg 423w" sizes="auto, (max-width: 78px) 100vw, 78px" /></a></p>
<h1 class="entry-title"><b><span style="color: #006666;font-family: SF Espionage Heavy,Cochin,Comic Sans MS;font-size: x-large"><span style="color: #993300;font-size: 300%">d</span><span style="color: #cc00cc">e</span> <span style="color: #cccc66">c</span><span style="color: #ff33ff;font-size: xx-large">e</span><span style="color: #99cc99;font-size: 300%"> s</span><span style="color: #ff9999;font-size: xx-large">i</span><span style="color: #ff0000;font-size: xx-large">t</span></span><span style="color: #006666;font-family: SF Espionage Heavy,Cochin,Comic Sans MS"><span style="color: #336699">e</span></span></b></h1>
<p align="justify"><span style="font-family: Comic Sans MS;font-size: small">Mon nom est <a href="mailto:mireille.hub@gmail.com">Mireille Hubert</a> et je travaille, depuis janvier 2024, comme conseillère clinique en relations de soins au GMFU de Rouyn-Noranda.</span></p>
<p align="justify"><span style="font-family: Comic Sans MS;font-size: small">Ce site contient des infos et documents sur des sujets liés au travail social et des outils de toutes sortes. Il s&rsquo;adresse à celles et ceux qui s&rsquo;intéressent à ce domaine d&rsquo;intervention et aussi, à la relation de soins (mon champ d&rsquo;intérêts actuel).</span></p>
<p align="justify"><span style="font-family: Comic Sans MS;font-size: small">Tant mieux si son contenu vous est utile</span><strong><span style="font-family: Comic Sans MS">!</span></strong></p>
<p align="justify"><span style="font-family: Comic Sans MS;font-size: small">Vos  <a href="mailto:mireille.hubert@cegepat.qc.ca"><strong>commentaires</strong></a> sont aussi appréciés, n&rsquo;hésitez pas !&#8230;.</span></p>
<p align="center"><span style="color: #9933cc;font-family: Comic Sans MS;font-size: small"><strong><span style="vertical-align: inherit"><span style="vertical-align: inherit">Bon </span></span></strong></span><strong><span style="color: #3366cc;font-family: Comic Sans MS;font-size: medium"><span style="vertical-align: inherit"><span style="vertical-align: inherit">furetage </span></span></span><span style="color: #00cc00;font-family: Comic Sans MS;font-size: large"><span style="vertical-align: inherit"><span style="vertical-align: inherit">!</span></span></span><span style="vertical-align: inherit"><span style="font-family: Comic Sans MS;font-size: small"><span style="color: #ff66cc"><span style="vertical-align: inherit">​</span></span></span><span style="font-family: Comic Sans MS;font-size: small"><span style="color: #3399ff;font-size: x-large"><span style="vertical-align: inherit">​</span></span></span><span style="font-family: Comic Sans MS;font-size: small"><span style="color: #ffcc00;font-size: medium"><span style="vertical-align: inherit">​</span></span></span><span style="font-family: Comic Sans MS;font-size: small"><span style="color: #cccc99;font-size: large"><span style="vertical-align: inherit">​</span></span></span><span style="font-family: Comic Sans MS;font-size: small"><span style="color: #336666;font-size: large"><span style="vertical-align: inherit">​</span></span></span><span style="font-family: Comic Sans MS;font-size: small"><span style="color: #33ffff;font-size: medium"><span style="vertical-align: inherit">​</span></span></span><span style="font-family: Comic Sans MS;font-size: small"><span style="color: #990066"><span style="vertical-align: inherit">​</span></span></span><span style="font-family: Comic Sans MS;font-size: small"><span style="color: #0000cc;font-size: large"><span style="vertical-align: inherit">​</span></span></span><span style="font-family: Comic Sans MS;font-size: small"><span style="color: #ff0000;font-size: x-large"><span style="vertical-align: inherit">​</span></span></span></span> </strong></p>
<p align="justify">Avertissement: Certains documents font l&rsquo;objet de révision et peuvent se voir modifier.</p>
<hr />
<h4>Renseignements professionnels</h4>
<div align="justify"><span style="color: #000000;font-family: Comic Sans MS">L&rsquo;auteure de ce site est titulaire d&rsquo;un DEC en Techniques d&rsquo;assistance sociale (TAS) du Cégep de l&rsquo;Abitibi-Témiscamingue, d&rsquo;un bac en travail social de l&rsquo;Université du Québec en Abitibi-Témiscamingue et d&rsquo;une maîtrise en service social (diplôme de 2e cycle) de l&rsquo;Université Laval à Québec. Elle a aussi poursuivi sa formation pédagogique dans le cadre de la formation continue des enseignantes et des enseignants du Cégep AT, le programme PERFORMA de l&rsquo;Université de Sherbrooke. Elle a enseigné pendant plus de 30 ans au département de TTS du Cégep A-T, particulièrement pour les cours concernant les problèmes sociaux, les politiques sociales et l&rsquo;intervention de crise suicidaire. Elle a été chargée de cours à plusieurs reprises à l&rsquo;UQAT pour les cours Introduction au travail social et Intervention en situation de crise et évaluation du risque suicidaire.  Chevauchant travail et retraite, elle a été intervenante de crise terrain, dans le cadre des services offerts pour InfoSocial, toujours sur le territoire de Rouyn-Noranda.</span></div>
<div align="justify"></div>
<div align="justify"><span style="color: #000000;font-family: Comic Sans MS">À la retraite de l&rsquo;enseignement depuis 2018, elle a été, pendant 4 années, conseillère pédagogique au Cégep de l&rsquo;Abitibi-Témiscamingue. Elle est conseillère clinique au GMF-U de Rouyn-Noranda depuis janvier 2024.</span></div>
<div align="justify"></div>
<div align="justify"></div>
<div style="text-align: right" align="justify"><a href="https://tic.cegepat.qc.ca/mireilletts/files/2013/01/Le_coin_petit.gif"><img loading="lazy" decoding="async" class="alignnone size-full wp-image-62" src="https://tic.cegepat.qc.ca/mireilletts/files/2013/01/Le_coin_petit.gif" alt="Le_coin_petit" width="158" height="39" /></a></div>

<p>de ce site<br />
Mon nom est Mireille Hubert et je travaille, depuis janvier 2024, comme conseillère clinique en relations de soins au GMFU de Rouyn-Noranda.<br />
Ce site contient des infos et documents sur des sujets liés au travail social et des outils &hellip; <a href="https://tic.cegepat.qc.ca/mireilletts/a-propos/">Continuer la lecture <span class="meta-nav">&rarr;</span></a></p>
