{"id":805,"date":"2015-10-16T01:54:34","date_gmt":"2015-10-16T00:54:34","guid":{"rendered":"http:\/\/tic.cegepat.qc.ca\/mireilletts\/?page_id=805"},"modified":"2015-10-16T03:06:22","modified_gmt":"2015-10-16T02:06:22","slug":"groupes-de-recherche-au-quebec","status":"publish","type":"page","link":"https:\/\/tic.cegepat.qc.ca\/mireilletts\/groupes-de-recherche-au-quebec\/","title":{"rendered":"Groupes de recherche au Qu\u00e9bec"},"content":{"rendered":"<ul>\n<li>\n<h5><a href=\"http:\/\/www.criviff.qc.ca\/cms\/index.php?lang=fr&amp;accueil=1\" target=\"_blank\">Centre de recherche interdisciplinaire sur la violence familiale et la violence faite aux femme<\/a>s (CRI-VIFF)<\/h5>\n<\/li>\n<li>\n<h5><a href=\"http:\/\/www.cremis.ca\/\" target=\"_blank\">Centre de recherche de Montr\u00e9al sur les in\u00e9galit\u00e9s sociales, les discriminations et les pratiques alternatives de citoyennet\u00e9<\/a> (CREMIS)<\/h5>\n<\/li>\n<li>\n<h5><a href=\"http:\/\/www.cirris.ulaval.ca\/fr\/propos-du-cirris\" target=\"_blank\">Centre interdisciplinaire de recherche en r\u00e9adaptation et int\u00e9gration sociale<\/a> (CIRRIS)<\/h5>\n<\/li>\n<\/ul>\n<ul>\n<li>\n<h5><a href=\"https:\/\/www.chaireclairebonenfant.ulaval.ca\/\" target=\"_blank\">Chaire Claire Bonenfant &#8211; Femmes, Savoirs et soci\u00e9t\u00e9s<\/a><\/h5>\n<\/li>\n<\/ul>\n<ul>\n<li>\n<h5><a href=\"http:\/\/w3.uqo.ca\/crve\/index_00-Accueil-CRVE.html\" target=\"_blank\">Chaire de recherche du Canada sur la violence faite aux enfants<\/a> (CRVE)<\/h5>\n<\/li>\n<\/ul>\n<ul>\n<li>\n<h5 class=\"csc-firstHeader\"><a href=\"http:\/\/www.usherbrooke.ca\/chaire-toxicomanie\/\" target=\"_blank\">Chaire de toxicomanie<\/a><\/h5>\n<\/li>\n<\/ul>\n<ul>\n<li>\n<h5><a href=\"http:\/\/www.ccsd.ca\/francais\/\" target=\"_blank\">Conseil canadien de d\u00e9veloppement social<\/a>\u00a0(CCDS)<\/h5>\n<\/li>\n<\/ul>\n<ul>\n<li>\n<h5><a href=\"http:\/\/www.er.uqam.ca\/nobel\/cri\/spip\/index.php\" target=\"_blank\">Collectif de recherche sur l\u2019itin\u00e9rance, la pauvret\u00e9 et l\u2019exclusion sociale<\/a> (CRI)<\/h5>\n<\/li>\n<\/ul>\n<ul>\n<li>\n<h5><a href=\"http:\/\/www.efg.inrs.ca\/index.php\/EFG\/index\" target=\"_blank\">Enfances Familles G\u00e9n\u00e9rations<\/a> (EFG) Note: il s&rsquo;agit d&rsquo;une revue scientifique internationale<\/h5>\n<\/li>\n<li>\n<h5><a href=\"http:\/\/www.gripinfo.ca\/Grip\/Public\/www\/\" target=\"_blank\">Groupe de recherche sur l&rsquo;inadaptation psychosociale chez l&rsquo;enfant <\/a>(GRIP)<\/h5>\n<\/li>\n<\/ul>\n<ul>\n<li>\n<h5 class=\"description\"><a href=\"http:\/\/www.sigles.net\/sigle\/grasp-groupe-de-recherche-sur-les-aspects-sociaux-de-la-sante-et-de-la-prevention\" target=\"_blank\">Groupe de recherche sur les aspects sociaux de la sant\u00e9 et de la pr\u00e9vention<\/a> (GRASP)<\/h5>\n<\/li>\n<li>\n<h5><a href=\"http:\/\/www.integration-travail.fse.ulaval.ca\/outils-methodes\/grismt\/\" target=\"_blank\">Groupe de r\u00e9f\u00e9rence et d&rsquo;intervention en sant\u00e9 mentale au travail<\/a>\u00a0(GRISMT)<\/h5>\n<\/li>\n<li>\n<h5><a href=\"https:\/\/iref.uqam.ca\/\" target=\"_blank\">Institut de recherches et d&rsquo;\u00e9tudes f\u00e9ministes<\/a>\u00a0(IREF)<\/h5>\n<\/li>\n<\/ul>\n<ul>\n<li>\n<h5><a href=\"http:\/\/www.unites.uqam.ca\/cese\">Laboratoire d&rsquo;\u00e9tudes socio-\u00e9conomiques<\/a>\u00a0de l&rsquo;Universit\u00e9 de Montr\u00e9al<\/h5>\n<\/li>\n<\/ul>\n<p style=\"padding-left: 30px\">Beaucoup de documentations disponibles en ligne, s&rsquo;agit de fouiller!!!<\/p>\n","protected":false},"excerpt":{"rendered":"<p>Centre de recherche interdisciplinaire sur la violence familiale et la violence faite aux femmes (CRI-VIFF)<\/p>\n<p>Centre de recherche de Montr\u00e9al sur les in\u00e9galit\u00e9s sociales, les discriminations et les pratiques alternatives de citoyennet\u00e9 (CREMIS)<\/p>\n<p>Centre interdisciplinaire de recherche en r\u00e9adaptation et int\u00e9gration sociale &hellip; <a href=\"https:\/\/tic.cegepat.qc.ca\/mireilletts\/groupes-de-recherche-au-quebec\/\">Continuer la lecture <span class=\"meta-nav\">&rarr;<\/span><\/a><\/p>\n","protected":false},"author":9,"featured_media":0,"parent":0,"menu_order":5,"comment_status":"closed","ping_status":"closed","template":"","meta":{"footnotes":""},"class_list":["post-805","page","type-page","status-publish","hentry"],"_links":{"self":[{"href":"https:\/\/tic.cegepat.qc.ca\/mireilletts\/wp-json\/wp\/v2\/pages\/805","targetHints":{"allow":["GET"]}}],"collection":[{"href":"https:\/\/tic.cegepat.qc.ca\/mireilletts\/wp-json\/wp\/v2\/pages"}],"about":[{"href":"https:\/\/tic.cegepat.qc.ca\/mireilletts\/wp-json\/wp\/v2\/types\/page"}],"author":[{"embeddable":true,"href":"https:\/\/tic.cegepat.qc.ca\/mireilletts\/wp-json\/wp\/v2\/users\/9"}],"replies":[{"embeddable":true,"href":"https:\/\/tic.cegepat.qc.ca\/mireilletts\/wp-json\/wp\/v2\/comments?post=805"}],"version-history":[{"count":6,"href":"https:\/\/tic.cegepat.qc.ca\/mireilletts\/wp-json\/wp\/v2\/pages\/805\/revisions"}],"predecessor-version":[{"id":817,"href":"https:\/\/tic.cegepat.qc.ca\/mireilletts\/wp-json\/wp\/v2\/pages\/805\/revisions\/817"}],"wp:attachment":[{"href":"https:\/\/tic.cegepat.qc.ca\/mireilletts\/wp-json\/wp\/v2\/media?parent=805"}],"curies":[{"name":"wp","href":"https:\/\/api.w.org\/{rel}","templated":true}]}}

Groupes de recherche au Québec

<ul>
<li>
<h5><a href="http://www.criviff.qc.ca/cms/index.php?lang=fr&amp;accueil=1" target="_blank">Centre de recherche interdisciplinaire sur la violence familiale et la violence faite aux femme</a>s (CRI-VIFF)</h5>
</li>
<li>
<h5><a href="http://www.cremis.ca/" target="_blank">Centre de recherche de Montréal sur les inégalités sociales, les discriminations et les pratiques alternatives de citoyenneté</a> (CREMIS)</h5>
</li>
<li>
<h5><a href="http://www.cirris.ulaval.ca/fr/propos-du-cirris" target="_blank">Centre interdisciplinaire de recherche en réadaptation et intégration sociale</a> (CIRRIS)</h5>
</li>
</ul>
<ul>
<li>
<h5><a href="https://www.chaireclairebonenfant.ulaval.ca/" target="_blank">Chaire Claire Bonenfant &#8211; Femmes, Savoirs et sociétés</a></h5>
</li>
</ul>
<ul>
<li>
<h5><a href="http://w3.uqo.ca/crve/index_00-Accueil-CRVE.html" target="_blank">Chaire de recherche du Canada sur la violence faite aux enfants</a> (CRVE)</h5>
</li>
</ul>
<ul>
<li>
<h5 class="csc-firstHeader"><a href="http://www.usherbrooke.ca/chaire-toxicomanie/" target="_blank">Chaire de toxicomanie</a></h5>
</li>
</ul>
<ul>
<li>
<h5><a href="http://www.ccsd.ca/francais/" target="_blank">Conseil canadien de développement social</a> (CCDS)</h5>
</li>
</ul>
<ul>
<li>
<h5><a href="http://www.er.uqam.ca/nobel/cri/spip/index.php" target="_blank">Collectif de recherche sur l’itinérance, la pauvreté et l’exclusion sociale</a> (CRI)</h5>
</li>
</ul>
<ul>
<li>
<h5><a href="http://www.efg.inrs.ca/index.php/EFG/index" target="_blank">Enfances Familles Générations</a> (EFG) Note: il s&rsquo;agit d&rsquo;une revue scientifique internationale</h5>
</li>
<li>
<h5><a href="http://www.gripinfo.ca/Grip/Public/www/" target="_blank">Groupe de recherche sur l&rsquo;inadaptation psychosociale chez l&rsquo;enfant </a>(GRIP)</h5>
</li>
</ul>
<ul>
<li>
<h5 class="description"><a href="http://www.sigles.net/sigle/grasp-groupe-de-recherche-sur-les-aspects-sociaux-de-la-sante-et-de-la-prevention" target="_blank">Groupe de recherche sur les aspects sociaux de la santé et de la prévention</a> (GRASP)</h5>
</li>
<li>
<h5><a href="http://www.integration-travail.fse.ulaval.ca/outils-methodes/grismt/" target="_blank">Groupe de référence et d&rsquo;intervention en santé mentale au travail</a> (GRISMT)</h5>
</li>
<li>
<h5><a href="https://iref.uqam.ca/" target="_blank">Institut de recherches et d&rsquo;études féministes</a> (IREF)</h5>
</li>
</ul>
<ul>
<li>
<h5><a href="http://www.unites.uqam.ca/cese">Laboratoire d&rsquo;études socio-économiques</a> de l&rsquo;Université de Montréal</h5>
</li>
</ul>
<p style="padding-left: 30px">Beaucoup de documentations disponibles en ligne, s&rsquo;agit de fouiller!!!</p>

<p>Centre de recherche interdisciplinaire sur la violence familiale et la violence faite aux femmes (CRI-VIFF)</p>
<p>Centre de recherche de Montréal sur les inégalités sociales, les discriminations et les pratiques alternatives de citoyenneté (CREMIS)</p>
<p>Centre interdisciplinaire de recherche en réadaptation et intégration sociale &hellip; <a href="https://tic.cegepat.qc.ca/mireilletts/groupes-de-recherche-au-quebec/">Continuer la lecture <span class="meta-nav">&rarr;</span></a></p>
